{"id":2,"date":"2009-04-29T11:08:52","date_gmt":"2009-04-29T09:08:52","guid":{"rendered":"http:\/\/www.duo-ossenkopp.de\/duo\/?page_id=2"},"modified":"2018-09-17T08:14:30","modified_gmt":"2018-09-17T06:14:30","slug":"ueber-mich","status":"publish","type":"page","link":"https:\/\/www.duo-ossenkopp.de\/?page_id=2","title":{"rendered":"\u00dcBER UNS"},"content":{"rendered":"<p>Wat gifft tau h\u00fcrn?<br \/>\n&#8211; Handgemachte Musik<br \/>\n&#8211; Neues aus eigener Feder<br \/>\n&#8211; Bekannte Lieder zum Zuh\u00f6ren, Mitmachen und Lachen<br \/>\n&#8211; Unterhaltung mit Herz, Witz und Charme<\/p>\n<p>Wo gifft denn dat tau h\u00fcrn?<br \/>\nWir spielen auf Dorf-, Stadt-, Strand- und Fischerfesten, im gro\u00dfen und im kleinen Rahmen, in Hotels, Gastst\u00e4tten, Autoh\u00e4usern, auf vielen M\u00e4rkten, in Theatern, sowie auf Familien- und Weihnachtsfeiern \u2013 kort secht, \u00f6werall dor, wo dat noch Ossen gifft un man gaude bekannte un niege nedderd\u00fc\u00fctsche Musik von uns h\u00fcrn will!<br \/>\nSo wiern un s\u00fcnd wi in ganz D\u00fc\u00fctschland un uk in&#8217;t Utland \u00fcnnerw\u00e4gens. <\/p>\n<p>L\u00f6ppt Ossenkopp in&#8217;n Radio?<br \/>\nEiniges findet Ihr auf unseren CD&#8217;s \u201cStormgebruus\u201d, &#8222;Land an&#8217;t Meer&#8220;, auf weiteren Samplern, sowie den Medien, vor allem NDR!<br \/>\nZu sehen waren wir z.B. im \u201cZDF-Sonntagskonzert\u201d, der \u201cAktuellen Schaubude\u201d, \u201cTalk up Platt\u201d, \u201cWundersch\u00f6ner Norden\u201d&#8230;<\/p>\n<p>F\u00fcr Theaterauftritte eignet sich auch unser eineinhalbst\u00fcndiges Programm \u201cPlatt starft ut\u201d.<\/p>\n<p>Technik hemm&#8216; wi \u00fcmmer dorbi, un uk dat Programm l\u00f6t sich in de L\u00e4ng&#8216; variiern. Wenn ji weiten wullt, ob wi noch Termine fri hemm&#8216;, denn schriewt uns \u00fcnner bi KONTAKT einfach &#8217;ne e-Mail odder raupt uns an. De Nummer vun den&#8216; Ackerschnacker steiht uk \u00fcnner an. Meistendeils geiht \u00fcmmer wat un wenn nich, kenn&#8216; wi in s\u00fclwig Sak m\u00e4nnig v\u00e4l anner Plattsnackerkollegen. Makt dat gaut un hollt juuch fuchtig.<\/p>\n<p>Tsch\u00fc\u00df, oewer wi seihn uns ja noch!<\/p>\n<p><img decoding=\"async\" src=\"https:\/\/www.duo-ossenkopp.de\/wp-content\/uploads\/2010\/4349.jpg\"><\/p>\n","protected":false},"excerpt":{"rendered":"<p>Wat gifft tau h\u00fcrn? &#8211; Handgemachte Musik &#8211; Neues aus eigener Feder &#8211; Bekannte Lieder zum Zuh\u00f6ren, Mitmachen und Lachen &#8211; Unterhaltung mit Herz, Witz und Charme Wo gifft denn dat tau h\u00fcrn? Wir spielen auf Dorf-, Stadt-, Strand- und Fischerfesten, im gro\u00dfen und im kleinen Rahmen, in Hotels, Gastst\u00e4tten, Autoh\u00e4usern, auf vielen M\u00e4rkten, in &hellip; <a href=\"https:\/\/www.duo-ossenkopp.de\/?page_id=2\" class=\"more-link\"><span class=\"screen-reader-text\">\u00dcBER UNS<\/span> weiterlesen <span class=\"meta-nav\">&rarr;<\/span><\/a><\/p>\n","protected":false},"author":1,"featured_media":0,"parent":0,"menu_order":1,"comment_status":"closed","ping_status":"closed","template":"","meta":{"footnotes":""},"class_list":["post-2","page","type-page","status-publish","hentry"],"_links":{"self":[{"href":"https:\/\/www.duo-ossenkopp.de\/index.php?rest_route=\/wp\/v2\/pages\/2","targetHints":{"allow":["GET"]}}],"collection":[{"href":"https:\/\/www.duo-ossenkopp.de\/index.php?rest_route=\/wp\/v2\/pages"}],"about":[{"href":"https:\/\/www.duo-ossenkopp.de\/index.php?rest_route=\/wp\/v2\/types\/page"}],"author":[{"embeddable":true,"href":"https:\/\/www.duo-ossenkopp.de\/index.php?rest_route=\/wp\/v2\/users\/1"}],"replies":[{"embeddable":true,"href":"https:\/\/www.duo-ossenkopp.de\/index.php?rest_route=%2Fwp%2Fv2%2Fcomments&post=2"}],"version-history":[{"count":16,"href":"https:\/\/www.duo-ossenkopp.de\/index.php?rest_route=\/wp\/v2\/pages\/2\/revisions"}],"predecessor-version":[{"id":353,"href":"https:\/\/www.duo-ossenkopp.de\/index.php?rest_route=\/wp\/v2\/pages\/2\/revisions\/353"}],"wp:attachment":[{"href":"https:\/\/www.duo-ossenkopp.de\/index.php?rest_route=%2Fwp%2Fv2%2Fmedia&parent=2"}],"curies":[{"name":"wp","href":"https:\/\/api.w.org\/{rel}","templated":true}]}}